{"id":461,"date":"2011-10-03T13:24:49","date_gmt":"2011-10-03T13:24:49","guid":{"rendered":"http:\/\/hastskoteatern.se\/test\/?page_id=461"},"modified":"2011-10-25T04:30:23","modified_gmt":"2011-10-25T04:30:23","slug":"om-oss","status":"publish","type":"page","link":"http:\/\/hastskoteatern.se\/?page_id=461","title":{"rendered":"Om oss"},"content":{"rendered":"<p><strong><em><a href=\"http:\/\/hastskoteatern.se\/?attachment_id=755\" rel=\"attachment wp-att-755\"><img decoding=\"async\" loading=\"lazy\" class=\"alignleft size-full wp-image-755\" title=\"hastsko2-150x150\" src=\"http:\/\/hastskoteatern.se\/wp-content\/uploads\/2011\/10\/hastsko2-150x1506.gif\" alt=\"\" width=\"150\" height=\"150\" \/><\/a>H\u00c4STSKOTEATERN <\/em><\/strong><\/p>\n<p><strong>Vi \u00e4r en genuint norrl\u00e4ndsk fri grupp som har v\u00e5ra r\u00f6tter i V\u00e4sterbottens inland. V\u00e5rt verksamhetsomr\u00e5de \u00e4r inom teater, underh\u00e5llning och arrangemang. Inspirationen h\u00e4mtar vi fr\u00e5n skogen, myrarna och fj\u00e4llen.<\/strong><\/p>\n<h1><a href=\"http:\/\/hastskoteatern.se\/?attachment_id=758\" rel=\"attachment wp-att-758\"><img decoding=\"async\" loading=\"lazy\" class=\"alignright size-medium wp-image-758\" title=\"Bitten Roland 016\" src=\"http:\/\/hastskoteatern.se\/wp-content\/uploads\/2011\/10\/Bitten-Roland-016-300x225.jpg\" alt=\"\" width=\"300\" height=\"225\" srcset=\"http:\/\/hastskoteatern.se\/wp-content\/uploads\/2011\/10\/Bitten-Roland-016-300x225.jpg 300w, http:\/\/hastskoteatern.se\/wp-content\/uploads\/2011\/10\/Bitten-Roland-016-1024x768.jpg 1024w, http:\/\/hastskoteatern.se\/wp-content\/uploads\/2011\/10\/Bitten-Roland-016-400x300.jpg 400w, http:\/\/hastskoteatern.se\/wp-content\/uploads\/2011\/10\/Bitten-Roland-016.jpg 1280w\" sizes=\"(max-width: 300px) 100vw, 300px\" \/><\/a><\/h1>\n<p><em>\u00a0\u00a0\u00a0\u00a0\u00a0\u00a0\u00a0\u00a0\u00a0\u00a0\u00a0\u00a0\u00a0\u00a0\u00a0\u00a0\u00a0\u00a0\u00a0\u00a0\u00a0\u00a0\u00a0\u00a0\u00a0\u00a0 <\/em><\/p>\n<p><em>\u00a0\u00a0\u00a0\u00a0\u00a0\u00a0\u00a0\u00a0\u00a0\u00a0\u00a0\u00a0\u00a0\u00a0\u00a0\u00a0\u00a0\u00a0\u00a0\u00a0\u00a0\u00a0\u00a0\u00a0 Bitten och Roland<\/em><\/p>\n<p><strong>Vi v\u00e4rnar om kultur och tradition och speglar detta i v\u00e5rt arbete, med v\u00e4rme och humor. V\u00e5r str\u00e4van \u00e4r att v\u00e5r publik ska uppleva gl\u00e4dje, harmoni och delaktighet under v\u00e5ra f\u00f6rest\u00e4llningar.<\/strong><\/p>\n<p>&nbsp;<\/p>\n<p><a href=\"http:\/\/hastskoteatern.se\/?attachment_id=476\" rel=\"attachment wp-att-476\"><img decoding=\"async\" loading=\"lazy\" class=\"alignleft size-full wp-image-476\" title=\"pic00010\" src=\"http:\/\/hastskoteatern.se\/wp-content\/uploads\/2011\/10\/pic00010.jpg\" alt=\"\" width=\"300\" height=\"225\" \/><\/a><\/p>\n<p>&nbsp;<\/p>\n<p><em>Ur: Nybyggarna Erik och Ester i lappskatteland&#8221;<\/em><\/p>\n<p>&nbsp;<\/p>\n<p>&nbsp;<\/p>\n<p>&nbsp;<\/p>\n<p>&nbsp;<\/p>\n<p><strong>Under \u00e5ren har det vuxit fram ett antal teaterproduktioner f\u00f6r barn och vuxna, d\u00e4r vi sj\u00e4lva st\u00e5tt f\u00f6t manus och scenografi.<\/strong><\/p>\n<p><strong>Underh\u00e5llning med t.ex. s\u00e5ng, musik, dans, ber\u00e4ttande och lek, har vi att erbjuda s\u00e5v\u00e4l barn som vuxna. Vi spelar g\u00e4rna v\u00e5ra f\u00f6rest\u00e4llningar i skolor, f\u00f6rskolor, bygdeg\u00e5rdar, hembygdsg\u00e5rdar, inom \u00e4ldreomsorgen&#8230;. ja \u00e4ven utomhus g\u00e5r bra!<\/strong><\/p>\n<p>&nbsp;<\/p>\n<p>&nbsp;<\/p>\n<p><a href=\"http:\/\/hastskoteatern.se\/?attachment_id=481\" rel=\"attachment wp-att-481\"><img decoding=\"async\" loading=\"lazy\" class=\"alignright size-full wp-image-481\" title=\"010\" src=\"http:\/\/hastskoteatern.se\/wp-content\/uploads\/2011\/10\/010.jpg\" alt=\"\" width=\"300\" height=\"225\" \/><\/a><\/p>\n<p><em>Ur: &#8221;Vitterhistorier, s\u00e5ng och spelgl\u00e4dje&#8221;<\/em><\/p>\n<p>&nbsp;<\/p>\n<p>&nbsp;<\/p>\n<p>&nbsp;<\/p>\n<p>&nbsp;<\/p>\n<p><strong>F\u00f6r information om aktuella f\u00f6rest\u00e4llningar kontakta oss!<\/strong><\/p>\n<p>&nbsp;<\/p>\n","protected":false},"excerpt":{"rendered":"<p>H\u00c4STSKOTEATERN Vi \u00e4r en genuint norrl\u00e4ndsk fri grupp som har v\u00e5ra r\u00f6tter i V\u00e4sterbottens inland. V\u00e5rt verksamhetsomr\u00e5de \u00e4r inom teater, underh\u00e5llning och arrangemang. Inspirationen h\u00e4mtar vi fr\u00e5n skogen, myrarna och fj\u00e4llen. \u00a0\u00a0\u00a0\u00a0\u00a0\u00a0\u00a0\u00a0\u00a0\u00a0\u00a0\u00a0\u00a0\u00a0\u00a0\u00a0\u00a0\u00a0\u00a0\u00a0\u00a0\u00a0\u00a0\u00a0\u00a0\u00a0 \u00a0\u00a0\u00a0\u00a0\u00a0\u00a0\u00a0\u00a0\u00a0\u00a0\u00a0\u00a0\u00a0\u00a0\u00a0\u00a0\u00a0\u00a0\u00a0\u00a0\u00a0\u00a0\u00a0\u00a0 Bitten och Roland Vi v\u00e4rnar om kultur &hellip; <a href=\"http:\/\/hastskoteatern.se\/?page_id=461\">L\u00e4s mer <span class=\"meta-nav\">&rarr;<\/span><\/a><\/p>\n","protected":false},"author":1,"featured_media":0,"parent":0,"menu_order":0,"comment_status":"open","ping_status":"open","template":"","meta":[],"_links":{"self":[{"href":"http:\/\/hastskoteatern.se\/index.php?rest_route=\/wp\/v2\/pages\/461"}],"collection":[{"href":"http:\/\/hastskoteatern.se\/index.php?rest_route=\/wp\/v2\/pages"}],"about":[{"href":"http:\/\/hastskoteatern.se\/index.php?rest_route=\/wp\/v2\/types\/page"}],"author":[{"embeddable":true,"href":"http:\/\/hastskoteatern.se\/index.php?rest_route=\/wp\/v2\/users\/1"}],"replies":[{"embeddable":true,"href":"http:\/\/hastskoteatern.se\/index.php?rest_route=%2Fwp%2Fv2%2Fcomments&post=461"}],"version-history":[{"count":17,"href":"http:\/\/hastskoteatern.se\/index.php?rest_route=\/wp\/v2\/pages\/461\/revisions"}],"predecessor-version":[{"id":866,"href":"http:\/\/hastskoteatern.se\/index.php?rest_route=\/wp\/v2\/pages\/461\/revisions\/866"}],"wp:attachment":[{"href":"http:\/\/hastskoteatern.se\/index.php?rest_route=%2Fwp%2Fv2%2Fmedia&parent=461"}],"curies":[{"name":"wp","href":"https:\/\/api.w.org\/{rel}","templated":true}]}}