{"id":417,"date":"2011-10-02T16:57:07","date_gmt":"2011-10-02T16:57:07","guid":{"rendered":"http:\/\/hastskoteatern.se\/test\/?page_id=417"},"modified":"2025-12-29T09:08:31","modified_gmt":"2025-12-29T09:08:31","slug":"nybyggarna-erik-och-ester-i-lappskatteland-2","status":"publish","type":"page","link":"http:\/\/hastskoteatern.se\/?page_id=417","title":{"rendered":"&#8221;Nybyggarna Erik och Ester i lappskatteland&#8221;"},"content":{"rendered":"\n<p><strong>OBS! Ej bokningsbar.<\/strong><\/p>\n\n\n<p><a href=\"http:\/\/hastskoteatern.se\/?attachment_id=792\" rel=\"attachment wp-att-792\"><img decoding=\"async\" loading=\"lazy\" class=\"alignleft size-full wp-image-792\" title=\"hastsko2-150x150\" src=\"http:\/\/hastskoteatern.se\/wp-content\/uploads\/2011\/10\/hastsko2-150x15011.gif\" alt=\"\" width=\"150\" height=\"150\"><\/a><\/p>\n<p>&nbsp;<\/p>\n<p><em><strong>&#8221;Nybyggarna Erik och Ester i lappskatteland&#8221;<\/strong><\/em><\/p>\n<h1><a href=\"http:\/\/hastskoteatern.se\/?attachment_id=488\" rel=\"attachment wp-att-488\"><img decoding=\"async\" loading=\"lazy\" class=\"aligncenter size-full wp-image-488\" title=\"Erik.. MB Dorotea liten\" src=\"http:\/\/hastskoteatern.se\/wp-content\/uploads\/2011\/10\/Erik..-MB-Dorotea-liten.jpg\" alt=\"\" width=\"600\" height=\"450\" srcset=\"http:\/\/hastskoteatern.se\/wp-content\/uploads\/2011\/10\/Erik..-MB-Dorotea-liten.jpg 600w, http:\/\/hastskoteatern.se\/wp-content\/uploads\/2011\/10\/Erik..-MB-Dorotea-liten-300x225.jpg 300w, http:\/\/hastskoteatern.se\/wp-content\/uploads\/2011\/10\/Erik..-MB-Dorotea-liten-400x300.jpg 400w\" sizes=\"(max-width: 600px) 100vw, 600px\" \/><\/a><\/h1>\n<p><strong>En historisk, musikalisk tilbakablick, sedd genom v\u00e5r tids \u00f6gon.<\/strong><\/p>\n<p><strong>I begynnelsen var det bara jojken som lj\u00f6d \u00f6ver lappskattelandet. Efter lappmarksplakatets utf\u00e4rdande, b\u00f6rjade nybyggarna befolka lappmarken. M\u00f6t Erik och Ester, deras barn Axel och Anna och kon Rosa, i vardagens arbete och slit, men ocks\u00e5 lek och gl\u00e4dje&#8230;<\/strong><\/p>\n<p><strong>En f\u00f6rest\u00e4llning f\u00f6r l\u00e5g och mellanstadiet, men \u00e4ven som familjef\u00f6rest\u00e4llning.<\/strong><\/p>\n<h1><a href=\"http:\/\/hastskoteatern.se\/?attachment_id=733\" rel=\"attachment wp-att-733\"><img decoding=\"async\" loading=\"lazy\" class=\"alignleft size-medium wp-image-733\" title=\"slussfors1\" src=\"http:\/\/hastskoteatern.se\/wp-content\/uploads\/2011\/09\/slussfors1-300x215.jpg\" alt=\"\" width=\"300\" height=\"215\" srcset=\"http:\/\/hastskoteatern.se\/wp-content\/uploads\/2011\/09\/slussfors1-300x215.jpg 300w, http:\/\/hastskoteatern.se\/wp-content\/uploads\/2011\/09\/slussfors1-418x300.jpg 418w, http:\/\/hastskoteatern.se\/wp-content\/uploads\/2011\/09\/slussfors1.jpg 425w\" sizes=\"(max-width: 300px) 100vw, 300px\" \/><\/a><a href=\"http:\/\/hastskoteatern.se\/?attachment_id=734\" rel=\"attachment wp-att-734\"><img decoding=\"async\" loading=\"lazy\" class=\"alignright size-medium wp-image-734\" title=\"slussfors2\" src=\"http:\/\/hastskoteatern.se\/wp-content\/uploads\/2011\/09\/slussfors2-300x182.jpg\" alt=\"\" width=\"300\" height=\"182\" srcset=\"http:\/\/hastskoteatern.se\/wp-content\/uploads\/2011\/09\/slussfors2-300x182.jpg 300w, http:\/\/hastskoteatern.se\/wp-content\/uploads\/2011\/09\/slussfors2.jpg 425w\" sizes=\"(max-width: 300px) 100vw, 300px\" \/><\/a><\/h1>\n<p>&nbsp;<\/p>\n<p>&nbsp;<\/p>\n<p><em>F\u00f6rest\u00e4llning i Slussfors skola<\/em><\/p>","protected":false},"excerpt":{"rendered":"<p>OBS! Ej bokningsbar. &nbsp; &#8221;Nybyggarna Erik och Ester i lappskatteland&#8221; En historisk, musikalisk tilbakablick, sedd genom v\u00e5r tids \u00f6gon. I begynnelsen var det bara jojken som lj\u00f6d \u00f6ver lappskattelandet. Efter lappmarksplakatets utf\u00e4rdande, b\u00f6rjade nybyggarna befolka lappmarken. M\u00f6t Erik och Ester, &hellip; <a href=\"http:\/\/hastskoteatern.se\/?page_id=417\">L\u00e4s mer <span class=\"meta-nav\">&rarr;<\/span><\/a><\/p>\n","protected":false},"author":1,"featured_media":0,"parent":2,"menu_order":0,"comment_status":"open","ping_status":"open","template":"","meta":[],"_links":{"self":[{"href":"http:\/\/hastskoteatern.se\/index.php?rest_route=\/wp\/v2\/pages\/417"}],"collection":[{"href":"http:\/\/hastskoteatern.se\/index.php?rest_route=\/wp\/v2\/pages"}],"about":[{"href":"http:\/\/hastskoteatern.se\/index.php?rest_route=\/wp\/v2\/types\/page"}],"author":[{"embeddable":true,"href":"http:\/\/hastskoteatern.se\/index.php?rest_route=\/wp\/v2\/users\/1"}],"replies":[{"embeddable":true,"href":"http:\/\/hastskoteatern.se\/index.php?rest_route=%2Fwp%2Fv2%2Fcomments&post=417"}],"version-history":[{"count":10,"href":"http:\/\/hastskoteatern.se\/index.php?rest_route=\/wp\/v2\/pages\/417\/revisions"}],"predecessor-version":[{"id":3379,"href":"http:\/\/hastskoteatern.se\/index.php?rest_route=\/wp\/v2\/pages\/417\/revisions\/3379"}],"up":[{"embeddable":true,"href":"http:\/\/hastskoteatern.se\/index.php?rest_route=\/wp\/v2\/pages\/2"}],"wp:attachment":[{"href":"http:\/\/hastskoteatern.se\/index.php?rest_route=%2Fwp%2Fv2%2Fmedia&parent=417"}],"curies":[{"name":"wp","href":"https:\/\/api.w.org\/{rel}","templated":true}]}}