{"id":260,"date":"2011-09-25T13:47:09","date_gmt":"2011-09-25T13:47:09","guid":{"rendered":"http:\/\/hastskoteatern.se\/test\/?page_id=260"},"modified":"2011-10-30T17:59:23","modified_gmt":"2011-10-30T17:59:23","slug":"tidigare-produktioner","status":"publish","type":"page","link":"http:\/\/hastskoteatern.se\/?page_id=260","title":{"rendered":"Tidigare produktioner"},"content":{"rendered":"<p><a href=\"http:\/\/hastskoteatern.se\/test\/wp-content\/uploads\/2011\/09\/hastsko2-150x1509.gif\"><img decoding=\"async\" loading=\"lazy\" class=\"alignleft size-full wp-image-403\" title=\"hastsko2-150x150\" src=\"http:\/\/hastskoteatern.se\/test\/wp-content\/uploads\/2011\/09\/hastsko2-150x1509.gif\" alt=\"\" width=\"150\" height=\"150\" \/><\/a><\/p>\n<p><strong><em>ETT URVAL\u00a0AV TIDIGARE PRODUKTIONER:<\/em><\/strong><\/p>\n<p>&nbsp;<\/p>\n<p>&nbsp;<\/p>\n<p style=\"text-align: center;\"><strong>&#8221;MELLAN HAV OCH FJ\u00c4LL&#8221;\u00a0<\/strong><\/p>\n<p style=\"text-align: center;\"><strong>\u00a0En resa med j\u00e4rnv\u00e4g fr\u00e5n fj\u00e4llen i Lappland, till havet i Sk\u00e5ne.<\/strong><\/p>\n<p style=\"text-align: left;\"><strong>I skenet fr\u00e5n 25 stearinljus f\u00f6ljer vi v\u00e4nnerna Eva och arne p\u00e5 deras \u00e4ventyr genom Sverige. <\/strong><\/p>\n<p style=\"text-align: left;\"><strong><img decoding=\"async\" loading=\"lazy\" class=\"alignright size-full wp-image-879\" title=\"hav2\" src=\"http:\/\/hastskoteatern.se\/wp-content\/uploads\/2011\/09\/hav2.jpg\" alt=\"\" width=\"146\" height=\"133\" \/><\/strong><\/p>\n<p style=\"text-align: left;\">Pj\u00e4sens huvudpersoner ses h\u00e4r b\u00e5de\u00a0 som dockor\u00a0samt i m\u00e4nsklig gestalt.<\/p>\n<p><a href=\"http:\/\/hastskoteatern.se\/?attachment_id=881\" rel=\"attachment wp-att-881\"><img decoding=\"async\" loading=\"lazy\" class=\"alignleft size-full wp-image-881\" title=\"ren\" src=\"http:\/\/hastskoteatern.se\/wp-content\/uploads\/2011\/09\/ren.jpg\" alt=\"\" width=\"400\" height=\"280\" srcset=\"http:\/\/hastskoteatern.se\/wp-content\/uploads\/2011\/09\/ren.jpg 400w, http:\/\/hastskoteatern.se\/wp-content\/uploads\/2011\/09\/ren-300x210.jpg 300w\" sizes=\"(max-width: 400px) 100vw, 400px\" \/><\/a><\/p>\n<address><a href=\"http:\/\/hastskoteatern.se\/?attachment_id=882\" rel=\"attachment wp-att-882\"><img decoding=\"async\" loading=\"lazy\" class=\"alignright size-full wp-image-882\" title=\"kata\" src=\"http:\/\/hastskoteatern.se\/wp-content\/uploads\/2011\/09\/kata.jpg\" alt=\"\" width=\"192\" height=\"280\" \/><\/a><\/address>\n<address>\u00a0<\/address>\n<address>\u00a0<\/address>\n<address>\u00a0<\/address>\n<address>\u00a0<\/address>\n<address>\u00a0<\/address>\n<address>\u00a0<\/address>\n<address>\u00a0<\/address>\n<address>\u00a0<\/address>\n<address>\u00a0<\/address>\n<address>\u00a0<\/address>\n<address>Eva och Arne p\u00e5 bes\u00f6k hos samerna.<\/address>\n<address>\u00a0<\/address>\n<address>\u00a0<\/address>\n<address>\u00a0<\/address>\n<address>\u00a0<\/address>\n<address><a href=\"http:\/\/hastskoteatern.se\/?attachment_id=887\" rel=\"attachment wp-att-887\"><img decoding=\"async\" loading=\"lazy\" class=\"alignleft size-full wp-image-887\" title=\"evashus\" src=\"http:\/\/hastskoteatern.se\/wp-content\/uploads\/2011\/09\/evashus.jpg\" alt=\"\" width=\"400\" height=\"280\" srcset=\"http:\/\/hastskoteatern.se\/wp-content\/uploads\/2011\/09\/evashus.jpg 400w, http:\/\/hastskoteatern.se\/wp-content\/uploads\/2011\/09\/evashus-300x210.jpg 300w\" sizes=\"(max-width: 400px) 100vw, 400px\" \/><\/a><\/address>\n<address>\u00a0<\/address>\n<address>\u00a0<\/address>\n<address>\u00a0<\/address>\n<address>Evas hus<\/address>\n<address>\u00a0<\/address>\n<address>\u00a0<\/address>\n<address>\u00a0<\/address>\n<address><a href=\"http:\/\/hastskoteatern.se\/?attachment_id=888\" rel=\"attachment wp-att-888\"><img decoding=\"async\" loading=\"lazy\" class=\"alignright size-full wp-image-888\" title=\"borg\" src=\"http:\/\/hastskoteatern.se\/wp-content\/uploads\/2011\/09\/borg.jpg\" alt=\"\" width=\"400\" height=\"280\" srcset=\"http:\/\/hastskoteatern.se\/wp-content\/uploads\/2011\/09\/borg.jpg 400w, http:\/\/hastskoteatern.se\/wp-content\/uploads\/2011\/09\/borg-300x210.jpg 300w\" sizes=\"(max-width: 400px) 100vw, 400px\" \/><\/a><\/address>\n<address>\u00a0<\/address>\n<address>\u00a0<\/address>\n<address>\u00a0<\/address>\n<address>Borgen d\u00e4r riddare och sp\u00f6ken dyker upp!<\/address>\n<address>\u00a0<\/address>\n<address>\u00a0<\/address>\n<address><a href=\"http:\/\/hastskoteatern.se\/?attachment_id=889\" rel=\"attachment wp-att-889\"><img decoding=\"async\" loading=\"lazy\" class=\"alignleft size-full wp-image-889\" title=\"pariserhjul\" src=\"http:\/\/hastskoteatern.se\/wp-content\/uploads\/2011\/09\/pariserhjul.jpg\" alt=\"\" width=\"400\" height=\"280\" srcset=\"http:\/\/hastskoteatern.se\/wp-content\/uploads\/2011\/09\/pariserhjul.jpg 400w, http:\/\/hastskoteatern.se\/wp-content\/uploads\/2011\/09\/pariserhjul-300x210.jpg 300w\" sizes=\"(max-width: 400px) 100vw, 400px\" \/><\/a><\/address>\n<address>\u00a0<\/address>\n<address>\u00a0<\/address>\n<address>\u00a0<\/address>\n<address>\u00a0<\/address>\n<address>Kiviks marknad<\/address>\n<address>\u00a0<\/address>\n<address>\u00a0<\/address>\n<address><a href=\"http:\/\/hastskoteatern.se\/?attachment_id=890\" rel=\"attachment wp-att-890\"><img decoding=\"async\" loading=\"lazy\" class=\"alignright size-full wp-image-890\" title=\"lund1\" src=\"http:\/\/hastskoteatern.se\/wp-content\/uploads\/2011\/09\/lund1.jpg\" alt=\"\" width=\"400\" height=\"280\" srcset=\"http:\/\/hastskoteatern.se\/wp-content\/uploads\/2011\/09\/lund1.jpg 400w, http:\/\/hastskoteatern.se\/wp-content\/uploads\/2011\/09\/lund1-300x210.jpg 300w\" sizes=\"(max-width: 400px) 100vw, 400px\" \/><\/a><\/address>\n<address>\u00a0<\/address>\n<address>\u00a0<\/address>\n<address>\u00a0<\/address>\n<address>\u00a0<\/address>\n<address>Staden Lund<\/address>\n<address>\u00a0<\/address>\n<address><a href=\"http:\/\/hastskoteatern.se\/?attachment_id=895\" rel=\"attachment wp-att-895\"><img decoding=\"async\" loading=\"lazy\" class=\"alignleft size-full wp-image-895\" title=\"lund2\" src=\"http:\/\/hastskoteatern.se\/wp-content\/uploads\/2011\/09\/lund2.jpg\" alt=\"\" width=\"400\" height=\"280\" srcset=\"http:\/\/hastskoteatern.se\/wp-content\/uploads\/2011\/09\/lund2.jpg 400w, http:\/\/hastskoteatern.se\/wp-content\/uploads\/2011\/09\/lund2-300x210.jpg 300w\" sizes=\"(max-width: 400px) 100vw, 400px\" \/><\/a><\/address>\n<address>\u00a0<\/address>\n<address>\u00a0<\/address>\n<address>\u00a0<\/address>\n<address>\u00a0<\/address>\n<address>\u00a0<\/address>\n<address><a href=\"http:\/\/hastskoteatern.se\/?attachment_id=898\" rel=\"attachment wp-att-898\"><img decoding=\"async\" loading=\"lazy\" class=\"alignright size-full wp-image-898\" title=\"stsdsparken\" src=\"http:\/\/hastskoteatern.se\/wp-content\/uploads\/2011\/09\/stsdsparken.jpg\" alt=\"\" width=\"400\" height=\"280\" srcset=\"http:\/\/hastskoteatern.se\/wp-content\/uploads\/2011\/09\/stsdsparken.jpg 400w, http:\/\/hastskoteatern.se\/wp-content\/uploads\/2011\/09\/stsdsparken-300x210.jpg 300w\" sizes=\"(max-width: 400px) 100vw, 400px\" \/><\/a><\/address>\n<address>\u00a0<\/address>\n<address>\u00a0<\/address>\n<address>\u00a0<\/address>\n<address>\u00a0<\/address>\n<address>Stadsparken i Lund<\/address>\n<address>\u00a0<\/address>\n<address><a href=\"http:\/\/hastskoteatern.se\/?attachment_id=901\" rel=\"attachment wp-att-901\"><img decoding=\"async\" loading=\"lazy\" class=\"alignleft size-full wp-image-901\" title=\"bat\" src=\"http:\/\/hastskoteatern.se\/wp-content\/uploads\/2011\/09\/bat.jpg\" alt=\"\" width=\"400\" height=\"280\" srcset=\"http:\/\/hastskoteatern.se\/wp-content\/uploads\/2011\/09\/bat.jpg 400w, http:\/\/hastskoteatern.se\/wp-content\/uploads\/2011\/09\/bat-300x210.jpg 300w\" sizes=\"(max-width: 400px) 100vw, 400px\" \/><\/a><\/address>\n<address>\u00a0<\/address>\n<address>\u00a0<\/address>\n<address>\u00a0<\/address>\n<address>\u00a0<\/address>\n<address>Havet!<\/address>\n<address>\u00a0<\/address>\n<address><a href=\"http:\/\/hastskoteatern.se\/?attachment_id=902\" rel=\"attachment wp-att-902\"><img decoding=\"async\" loading=\"lazy\" class=\"size-full wp-image-902 aligncenter\" title=\"havet\" src=\"http:\/\/hastskoteatern.se\/wp-content\/uploads\/2011\/09\/havet.jpg\" alt=\"\" width=\"192\" height=\"280\" \/><\/a><\/address>\n<address>\u00a0<\/address>\n<address><strong><em>\u00a0\u00a0\u00a0\u00a0\u00a0\u00a0\u00a0\u00a0\u00a0\u00a0\u00a0\u00a0\u00a0\u00a0\u00a0\u00a0\u00a0\u00a0\u00a0\u00a0\u00a0\u00a0\u00a0\u00a0\u00a0\u00a0\u00a0\u00a0\u00a0\u00a0 SKOMAKAREN OCH HANS M\u00c4RKLIGA KUNDER<\/em><\/strong>\u00a0<\/address>\n<address><a href=\"http:\/\/hastskoteatern.se\/?attachment_id=907\" rel=\"attachment wp-att-907\"><img decoding=\"async\" loading=\"lazy\" class=\"aligncenter size-full wp-image-907\" title=\"Somakar 1\" src=\"http:\/\/hastskoteatern.se\/wp-content\/uploads\/2011\/09\/Somakar-1.jpg\" alt=\"\" width=\"880\" height=\"608\" srcset=\"http:\/\/hastskoteatern.se\/wp-content\/uploads\/2011\/09\/Somakar-1.jpg 880w, http:\/\/hastskoteatern.se\/wp-content\/uploads\/2011\/09\/Somakar-1-300x207.jpg 300w, http:\/\/hastskoteatern.se\/wp-content\/uploads\/2011\/09\/Somakar-1-434x300.jpg 434w\" sizes=\"(max-width: 880px) 100vw, 880px\" \/><\/a><\/address>\n<address>H\u00e4r i skomakeriet tr\u00e4ffar ni skomakaren Axel, som med v\u00e4rme och uppfinningsrikedom hj\u00e4lper sina udda kunder.\u00a0\u00a0\u00a0\u00a0\u00a0\u00a0\u00a0\u00a0\u00a0\u00a0\u00a0\u00a0\u00a0\u00a0\u00a0\u00a0\u00a0\u00a0\u00a0\u00a0\u00a0\u00a0\u00a0\u00a0\u00a0\u00a0\u00a0\u00a0\u00a0\u00a0\u00a0\u00a0\u00a0\u00a0\u00a0\u00a0\u00a0\u00a0\u00a0\u00a0\u00a0\u00a0\u00a0\u00a0\u00a0\u00a0\u00a0\u00a0\u00a0\u00a0\u00a0\u00a0\u00a0\u00a0\u00a0\u00a0\u00a0\u00a0\u00a0\u00a0\u00a0\u00a0\u00a0\u00a0\u00a0\u00a0\u00a0\u00a0\u00a0\u00a0\u00a0\u00a0\u00a0\u00a0\u00a0\u00a0\u00a0\u00a0\u00a0\u00a0\u00a0\u00a0\u00a0\u00a0\u00a0\u00a0\u00a0\u00a0\u00a0\u00a0\u00a0\u00a0\u00a0\u00a0 Allt ifr\u00e5n rockare och troll till tanter &#8230;.och h\u00e4xor!<\/address>\n<address><a href=\"http:\/\/hastskoteatern.se\/?attachment_id=910\" rel=\"attachment wp-att-910\"><img decoding=\"async\" loading=\"lazy\" class=\"alignleft size-medium wp-image-910\" title=\"Skomakar 2\" src=\"http:\/\/hastskoteatern.se\/wp-content\/uploads\/2011\/09\/Skomakar-2-202x300.jpg\" alt=\"\" width=\"202\" height=\"300\" srcset=\"http:\/\/hastskoteatern.se\/wp-content\/uploads\/2011\/09\/Skomakar-2-202x300.jpg 202w, http:\/\/hastskoteatern.se\/wp-content\/uploads\/2011\/09\/Skomakar-2.jpg 606w\" sizes=\"(max-width: 202px) 100vw, 202px\" \/><\/a><\/address>\n<address>\u00a0<\/address>\n<address>Skomakare Axel<\/address>\n<address>\u00a0<\/address>\n<address><a href=\"http:\/\/hastskoteatern.se\/?attachment_id=911\" rel=\"attachment wp-att-911\"><img decoding=\"async\" loading=\"lazy\" class=\"alignright size-medium wp-image-911\" title=\"skomakar 3\" src=\"http:\/\/hastskoteatern.se\/wp-content\/uploads\/2011\/09\/skomakar-3-300x208.jpg\" alt=\"\" width=\"300\" height=\"208\" srcset=\"http:\/\/hastskoteatern.se\/wp-content\/uploads\/2011\/09\/skomakar-3-300x208.jpg 300w, http:\/\/hastskoteatern.se\/wp-content\/uploads\/2011\/09\/skomakar-3-432x300.jpg 432w, http:\/\/hastskoteatern.se\/wp-content\/uploads\/2011\/09\/skomakar-3.jpg 876w\" sizes=\"(max-width: 300px) 100vw, 300px\" \/><\/a><\/address>\n<address>\u00a0<\/address>\n<address>\u00a0<\/address>\n<address>\u00a0<\/address>\n<address>\u00a0<\/address>\n<address><a href=\"http:\/\/hastskoteatern.se\/?attachment_id=912\" rel=\"attachment wp-att-912\"><img decoding=\"async\" loading=\"lazy\" class=\"aligncenter size-full wp-image-912\" title=\"Skomakar 15\" src=\"http:\/\/hastskoteatern.se\/wp-content\/uploads\/2011\/09\/Skomakar-15.jpg\" alt=\"\" width=\"898\" height=\"614\" srcset=\"http:\/\/hastskoteatern.se\/wp-content\/uploads\/2011\/09\/Skomakar-15.jpg 898w, http:\/\/hastskoteatern.se\/wp-content\/uploads\/2011\/09\/Skomakar-15-300x205.jpg 300w, http:\/\/hastskoteatern.se\/wp-content\/uploads\/2011\/09\/Skomakar-15-438x300.jpg 438w\" sizes=\"(max-width: 898px) 100vw, 898px\" \/><\/a><\/address>\n<address>\u00a0<\/address>\n<address>\u00a0<\/address>\n<address>\u00a0\u00a0\u00a0\u00a0\u00a0\u00a0\u00a0\u00a0\u00a0\u00a0\u00a0\u00a0\u00a0\u00a0\u00a0\u00a0\u00a0\u00a0\u00a0\u00a0\u00a0\u00a0\u00a0\u00a0\u00a0 <strong><em>TEDDY OCH TEDDY-LINAS 100-\u00c5RS KALAS<\/em><\/strong><\/address>\n<address><a href=\"http:\/\/hastskoteatern.se\/?attachment_id=920\" rel=\"attachment wp-att-920\"><img decoding=\"async\" loading=\"lazy\" class=\"aligncenter size-full wp-image-920\" title=\"P1010069\" src=\"http:\/\/hastskoteatern.se\/wp-content\/uploads\/2011\/09\/P1010069.jpg\" alt=\"\" width=\"1600\" height=\"1200\" srcset=\"http:\/\/hastskoteatern.se\/wp-content\/uploads\/2011\/09\/P1010069.jpg 1600w, http:\/\/hastskoteatern.se\/wp-content\/uploads\/2011\/09\/P1010069-300x225.jpg 300w, http:\/\/hastskoteatern.se\/wp-content\/uploads\/2011\/09\/P1010069-1024x768.jpg 1024w, http:\/\/hastskoteatern.se\/wp-content\/uploads\/2011\/09\/P1010069-400x300.jpg 400w\" sizes=\"(max-width: 1600px) 100vw, 1600px\" \/><\/a><\/address>\n<address>\u00a0<a href=\"http:\/\/hastskoteatern.se\/?attachment_id=923\" rel=\"attachment wp-att-923\"><img decoding=\"async\" loading=\"lazy\" class=\"aligncenter size-full wp-image-923\" title=\"P1010068\" src=\"http:\/\/hastskoteatern.se\/wp-content\/uploads\/2011\/09\/P1010068.jpg\" alt=\"\" width=\"1600\" height=\"1200\" srcset=\"http:\/\/hastskoteatern.se\/wp-content\/uploads\/2011\/09\/P1010068.jpg 1600w, http:\/\/hastskoteatern.se\/wp-content\/uploads\/2011\/09\/P1010068-300x225.jpg 300w, http:\/\/hastskoteatern.se\/wp-content\/uploads\/2011\/09\/P1010068-1024x768.jpg 1024w, http:\/\/hastskoteatern.se\/wp-content\/uploads\/2011\/09\/P1010068-400x300.jpg 400w\" sizes=\"(max-width: 1600px) 100vw, 1600px\" \/><\/a><\/address>\n","protected":false},"excerpt":{"rendered":"<p>ETT URVAL\u00a0AV TIDIGARE PRODUKTIONER: &nbsp; &nbsp; &#8221;MELLAN HAV OCH FJ\u00c4LL&#8221;\u00a0 \u00a0En resa med j\u00e4rnv\u00e4g fr\u00e5n fj\u00e4llen i Lappland, till havet i Sk\u00e5ne. I skenet fr\u00e5n 25 stearinljus f\u00f6ljer vi v\u00e4nnerna Eva och arne p\u00e5 deras \u00e4ventyr genom Sverige. Pj\u00e4sens huvudpersoner &hellip; <a href=\"http:\/\/hastskoteatern.se\/?page_id=260\">L\u00e4s mer <span class=\"meta-nav\">&rarr;<\/span><\/a><\/p>\n","protected":false},"author":1,"featured_media":0,"parent":203,"menu_order":0,"comment_status":"open","ping_status":"open","template":"","meta":[],"_links":{"self":[{"href":"http:\/\/hastskoteatern.se\/index.php?rest_route=\/wp\/v2\/pages\/260"}],"collection":[{"href":"http:\/\/hastskoteatern.se\/index.php?rest_route=\/wp\/v2\/pages"}],"about":[{"href":"http:\/\/hastskoteatern.se\/index.php?rest_route=\/wp\/v2\/types\/page"}],"author":[{"embeddable":true,"href":"http:\/\/hastskoteatern.se\/index.php?rest_route=\/wp\/v2\/users\/1"}],"replies":[{"embeddable":true,"href":"http:\/\/hastskoteatern.se\/index.php?rest_route=%2Fwp%2Fv2%2Fcomments&post=260"}],"version-history":[{"count":30,"href":"http:\/\/hastskoteatern.se\/index.php?rest_route=\/wp\/v2\/pages\/260\/revisions"}],"predecessor-version":[{"id":925,"href":"http:\/\/hastskoteatern.se\/index.php?rest_route=\/wp\/v2\/pages\/260\/revisions\/925"}],"up":[{"embeddable":true,"href":"http:\/\/hastskoteatern.se\/index.php?rest_route=\/wp\/v2\/pages\/203"}],"wp:attachment":[{"href":"http:\/\/hastskoteatern.se\/index.php?rest_route=%2Fwp%2Fv2%2Fmedia&parent=260"}],"curies":[{"name":"wp","href":"https:\/\/api.w.org\/{rel}","templated":true}]}}