{"id":249,"date":"2011-09-25T13:42:38","date_gmt":"2011-09-25T13:42:38","guid":{"rendered":"http:\/\/hastskoteatern.se\/test\/?page_id=249"},"modified":"2011-10-02T05:28:16","modified_gmt":"2011-10-02T05:28:16","slug":"barnens-kommentarer-erik-och-ester","status":"publish","type":"page","link":"http:\/\/hastskoteatern.se\/?page_id=249","title":{"rendered":"Barnens kommentarer &#8221;Erik och Ester&#8221;"},"content":{"rendered":"<p><a href=\"http:\/\/hastskoteatern.se\/test\/wp-content\/uploads\/2011\/09\/hastsko2-150x1504.gif\"><img decoding=\"async\" loading=\"lazy\" class=\"alignleft size-full wp-image-345\" title=\"hastsko2-150x150\" src=\"http:\/\/hastskoteatern.se\/test\/wp-content\/uploads\/2011\/09\/hastsko2-150x1504.gif\" alt=\"\" width=\"150\" height=\"150\" \/><\/a><\/p>\n<p>&nbsp;<\/p>\n<p><strong><em>Barns skrivna texter efter att de sett &#8221;NYBYGGARNA ERIK OCH ESTER I LAPPSKATTELAND&#8221;<\/em><\/strong><\/p>\n<p><strong><em><\/em><\/strong><\/p>\n<p>Ni var j\u00e4ttebra p\u00e5 att sjunga. Den s\u00e5ngen ni sj\u00f6ng om k\u00e4rringar och gubbar var rolig.Var f\u00e5rhimmelleken rolig?<\/p>\n<p>Detr var roligt n\u00e4r Roland var ko! Varf\u00f6r kunde ni inte ha teatern p\u00e5 scenen? Det var en bra teater!<\/p>\n<p>P\u00e5 vilket spr\u00e5k sj\u00f6ng ni f\u00f6rsta s\u00e5ngen? Det var roligt att Roland var kon Rosa. F\u00e5rhimmelsleken s\u00e5g rolig ut. Vem har kommit p\u00e5 f\u00e5rhimmelsleken?<\/p>\n<p>Jag tyckte det var roligt n\u00e4\u00f6r kon kom ut, det var ocks\u00e5 roligt n\u00e4r ni k\u00e4rnade ett sm\u00f6rpaket med lock och allt! Det var ocks\u00e5 kul att ropa p\u00e5 alla pojkar! Teatern var superdupermegabra!<\/p>\n<p>Allt var kul, s\u00e4rskilt\u00a0s\u00e5ngen om n\u00e4r gubbar och gummor tycka om varandra&#8230;och vindsnurran var en snygg leksak. F\u00e5rhimmeln var ocks\u00e5 kul och n\u00e4r Ester blev arg.<\/p>\n<p>Det var kul n\u00e4r ni gjorde sm\u00f6r. Vindsnurran var rolig. Kon var j\u00e4tterolig.<\/p>\n<p>Det var bra. Hur gjorde du snurran? Hur gjorde ni f\u00e5rhimmeln?<\/p>\n<p>Att den var j\u00e4ttebra f\u00f6r ni var s\u00e5 BRA Roland och Bitten.<\/p>\n<p>Den var bra, j\u00e4ttebra.<\/p>\n<p>Kon var kul och det var kul n\u00e4r vi signalerade.<\/p>\n<p>Allt var fantastiskt, s\u00e4rskilt s\u00e5ngen om n\u00e4r gubbar och gummor tycka om varadra.. och helst n\u00e4r Erik kl\u00e4dde ut sig till en ko.<\/p>\n<p>Ni sj\u00f6ng bra och ni var roliga och det h\u00e4nde en massa roliga h\u00e4ndelser.<\/p>\n<p>Tack f\u00f6r den bra teatern.<\/p>\n<p>Fr\u00f6ken: Tack f\u00f6r en fin och uppskattad f\u00f6rest\u00e4llning. Alla barn har skrivit p\u00e5 datorn sj\u00e4lva.<\/p>\n<p>&nbsp;<\/p>\n","protected":false},"excerpt":{"rendered":"<p>&nbsp; Barns skrivna texter efter att de sett &#8221;NYBYGGARNA ERIK OCH ESTER I LAPPSKATTELAND&#8221; Ni var j\u00e4ttebra p\u00e5 att sjunga. Den s\u00e5ngen ni sj\u00f6ng om k\u00e4rringar och gubbar var rolig.Var f\u00e5rhimmelleken rolig? Detr var roligt n\u00e4r Roland var ko! Varf\u00f6r &hellip; <a href=\"http:\/\/hastskoteatern.se\/?page_id=249\">L\u00e4s mer <span class=\"meta-nav\">&rarr;<\/span><\/a><\/p>\n","protected":false},"author":1,"featured_media":0,"parent":2,"menu_order":0,"comment_status":"open","ping_status":"open","template":"","meta":[],"_links":{"self":[{"href":"http:\/\/hastskoteatern.se\/index.php?rest_route=\/wp\/v2\/pages\/249"}],"collection":[{"href":"http:\/\/hastskoteatern.se\/index.php?rest_route=\/wp\/v2\/pages"}],"about":[{"href":"http:\/\/hastskoteatern.se\/index.php?rest_route=\/wp\/v2\/types\/page"}],"author":[{"embeddable":true,"href":"http:\/\/hastskoteatern.se\/index.php?rest_route=\/wp\/v2\/users\/1"}],"replies":[{"embeddable":true,"href":"http:\/\/hastskoteatern.se\/index.php?rest_route=%2Fwp%2Fv2%2Fcomments&post=249"}],"version-history":[{"count":5,"href":"http:\/\/hastskoteatern.se\/index.php?rest_route=\/wp\/v2\/pages\/249\/revisions"}],"predecessor-version":[{"id":346,"href":"http:\/\/hastskoteatern.se\/index.php?rest_route=\/wp\/v2\/pages\/249\/revisions\/346"}],"up":[{"embeddable":true,"href":"http:\/\/hastskoteatern.se\/index.php?rest_route=\/wp\/v2\/pages\/2"}],"wp:attachment":[{"href":"http:\/\/hastskoteatern.se\/index.php?rest_route=%2Fwp%2Fv2%2Fmedia&parent=249"}],"curies":[{"name":"wp","href":"https:\/\/api.w.org\/{rel}","templated":true}]}}